t. List the prime factors of p.
2, 5, 89
Suppose 38*h - 53*h + 75 = 0. Suppose 3*n = 3*o - 465, h*n - 4*n = -4*o + 605. List the prime factors of o.
2, 19
Let l be (-27888)/(-15) + (70/25 - 2). Suppose 5*o = 2*y + l, -y + 301 + 1174 = 4*o. List the prime factors of o.
2, 5, 37
Suppose 0 = -34*f + 29*f + 205. Suppose -12*l = -f - 7. Suppose -l*v + 334 + 99 = -5*t, -2*t = v - 118. List the prime factors of v.
2, 7
Let q = 10540 - 6786. List the prime factors of q.
2, 1877
Let v(q) be the third derivative of -q**5/60 - 19*q**4/24 + 17*q**3 + q**2 - 51*q. What are the prime factors of v(-20)?
2, 41
Let t(l) = 248*l - 13. Let n = 27 - 24. List the prime factors of t(n).
17, 43
Suppose -52 = -b - t + 6*t, b = -4*t + 52. Let c = -167 - b. Let h = c - -413. What are the prime factors of h?
2, 97
Suppose 2*p - 937 = 5*d, 19*p - 2*d = 14*p + 2374. Suppose 958 = 4*s - 2*g, -3*g + 5*g - p = -2*s. List the prime factors of s.
239
Let p(y) = 1245*y + 123. Let u(l) = -311*l - 30. Let q(a) = -2*p(a) - 9*u(a). List the prime factors of q(3).
3, 317
Let f(q) = -13*q + 4*q - 57 + 35. Let h be f(-9). Let b = 0 + h. What are the prime factors of b?
59
Let z = 147 - 177. What are the prime factors of 2*z/(-8)*(108 - 58)?
3, 5
Suppose -56784 = -4*x + 5*u, -14857 - 13539 = -2*x + 3*u. List the prime factors of x.
2, 41, 173
Suppose 8*j - 5*j = -2*z + 17925, -11*j + 65687 = z. What are the prime factors of j?
7, 853
Let q(p) = -38*p + 145. Let u be (8 + 410/(-40))/(2/16). List the prime factors of q(u).
829
Let v(l) = -l**3 - 7*l**2 - l + 9. Let r be v(-7). Let h = r + 23. List the prime factors of h.
3, 13
Let h = 130896 + -89634. What are the prime factors of h?
2, 3, 13, 23
Let g be (4/(-5))/(-7 - (-264)/40). Suppose 9 = -3*h, g*h = -3*y - 2*y + 2494. List the prime factors of y.
2, 5
Suppose 805 = 31*t - 24*t. List the prime factors of 2410/7 - (-3 + t/35).
2, 43
Let u = 1116 + 7340. What are the prime factors of u?
2, 7, 151
Let u = 2708 + -2711. Let d be (0 + 0)/(-1) - 1. List the prime factors of (u/d)/(2/62).
3, 31
Let r be (-4 - 4/(-2))*(-1)/2. Suppose 1 - r = 4*n. Suppose -2*o + 5*z = -0*z - 97, 3*z + 15 = n. List the prime factors of o.
2, 3
Let s = -153 + 467. What are the prime factors of s?
2, 157
Suppose q + 15 = 4*i, 10*i - 2*q = 13*i - 14. Suppose 2*s + i*j + 435 = 3*s, 3*s - 2*j = 1295. What are the prime factors of s?
431
Suppose -4*q = 5*g - 429, -20*q + 19*q - 84 = -g. Suppose g = 3*l - y - 15, 0 = 5*l - 4*y - 169. List the prime factors of l.
3, 11
Let s(f) = 110*f - 48*f - 39*f + 5. Let q be s(-1). Let b(p) = -8*p + 39. What are the prime factors of b(q)?
3, 61
Let q(r) = 3118*r**2 + 147*r + 8. What are the prime factors of q(3)?
7, 4073
Let r be 1/(1*(0 - -1)). Let t(n) = 12*n**2 - 6*n + 3. Let g be t(5). Suppose 2*z = -5*p + g, r = 2*p - 9. List the prime factors of z.
2, 31
Let k(a) = -6*a - 22. Let f be k(-4). Suppose -f*q + 7*q - 10 = 0. Suppose -r = -q*r + 172. What are the prime factors of r?
2, 43
Let h(o) = 738*o**2 + 32*o - 1. List the prime factors of h(-4).
3, 17, 229
Let p(t) = 79*t + 96. Suppose -10 = j + 5*v, 2*j + 25*v = 29*v + 22. List the prime factors of p(j).
491
Let t be ((-1)/(10/75))/(2/12). Let l = t + 37. Let x = l + 107. List the prime factors of x.
3, 11
Suppose -5*t - 30 = 5. Let z(c) = 12*c**2 + 39*c + 17. Let x(u) = -18*u**2 - 57*u - 26. Let y(i) = -5*x(i) - 7*z(i). What are the prime factors of y(t)?
13, 17
Let y = 6239 + -4226. List the prime factors of y.
3, 11, 61
Let n be 260/(-24) - (-4)/(-24). Let b(j) be the third derivative of -11*j**4/12 - 13*j**3/3 - j**2 + 27. What are the prime factors of b(n)?
2, 3
Suppose 0 = -4*q + 5*h + 25, 0 = -q - 2*q - 4*h - 20. Suppose -5*x + 4*x + 206 = 5*v, 3*x - v - 586 = q. Let t = 335 - x. List the prime factors of t.
139
Let w(p) = 2 + 0*p**2 + 8*p**2 + 10*p - 9*p**2. Let g be w(10). Suppose -211 = -3*z + 2*h + g*h, -152 = -2*z - 3*h. What are the prime factors of z?
73
Let l = -566 + 578. List the prime factors of (-28675)/(-30) + (-10)/l.
5, 191
Suppose 2*h - p = 14, 5*h - 9*p + 4*p - 45 = 0. Let g(c) = 2*c**3 + 3*c**2 + 22*c - 7. What are the prime factors of g(h)?
2, 107
Let n(g) = -44*g + 1522. What are the prime factors of n(-76)?
2, 3, 811
Suppose 5*p - 5*i + 735 = 0, -2*i = 3*p - 122 + 578. Let c(d) = -d**3 - 15*d**2 - 18*d + 12. Let w be c(-9). Let h = p - w. What are the prime factors of h?
2, 3
Let f(n) = 7*n - 138. Let v be f(21). Suppose -28*c + v = -47. List the prime factors of c.
2
Suppose -5*g - 40 = v - 5*v, 9 = v - g. What are the prime factors of (v - 2) + 325 + -25?
3, 101
Let l be ((-27)/6 - -4)*(-1007 + 3). Let m = l - 171. List the prime factors of m.
331
Let o be -4 - 11/(-1) - 2. Suppose 0 = -o*z + 4*f + 314, z = -5*f + 38 + 19. List the prime factors of z.
2, 31
Let f = 188 - -97. Let t = f + 492. What are the prime factors of t?
3, 7, 37
Let x = 2054 + 1482. List the prime factors of x.
2, 13, 17
Suppose -10 = 4*q - 2*n, 4*q + 5*n - 25 = -q. Suppose q = 4*i + 3*i - 77. Suppose 39 = 3*v - 3*f, v - 5*f = -3*f + i. List the prime factors of v.
3, 5
Let m(t) = 122*t**2 - 3*t - 10. Let k be m(-2). Suppose -4*q + 1427 = 3*h, 3*h - 3*q + k = 4*h. List the prime factors of h.
7, 67
Let n(q) = 6*q**2 - 4*q**2 + 9175*q**3 + 7 - 9188*q**3 + 3*q. List the prime factors of n(-2).
113
Let h(o) = 79*o**3 + 5*o**2 + 9*o - 76. What are the prime factors of h(4)?
2, 7, 13
Let n = 4145 - -19907. List the prime factors of n.
2, 7, 859
Suppose -626134 + 2646652 = 153*p. What are the prime factors of p?
2, 3, 31, 71
Suppose 6*c - 2280 = c. Suppose 5*k = 3*t + 2276, -c = -k - 10*t + 11*t. What are the prime factors of k?
2, 227
Suppose 0 = -5*h - 7 + 22. Suppose 0 = j - h, -3*b = j - 2*j - 6. Suppose r + 33 = b*r - 5*i, -2*r + 3*i = -23. List the prime factors of r.
2
Let j(r) = -r - 5. Let z be j(-23). Let o = -41 + z. Let f = 52 + o. List the prime factors of f.
29
Suppose 0 = 2*t + 1 - 1. Suppose -u - 2*k - 4 = t, 0 = -5*k - 2 - 8. Suppose -2*o + 288 = 4*f, 2*f - 156 = -u*f - 4*o. List the prime factors of f.
2, 5, 7
List the prime factors of (9 + 4550/40)/(9/5256).
2, 73, 491
Let o = 5605 - -12. Suppose -4*y = 1537 - o. What are the prime factors of y?
2, 3, 5, 17
Let n = 60 - -318. Suppose b + 0*r + 2*r = n, -r - 1134 = -3*b. List the prime factors of b.
2, 3, 7
Let i = 246 - 21. List the prime factors of 3736/(-10)*i/(-90).
2, 467
What are the prime factors of (-1793)/(-326)*(0 + 3218)?
11, 1609
Let l = 658 + -533. Let t = l + 555. What are the prime factors of t?
2, 5, 17
Let g be -2 + 2 + -12 + 22. Let i(l) = l**3 - 3*l**2 - 12*l + 3. What are the prime factors of i(g)?
11, 53
What are the prime factors of (1 + -794)*(-3 + 1)/1?
2, 13, 61
Suppose 0 = 5*q - 5*b - 207410, -2*q + b - 4641 = -87599. What are the prime factors of q?
2, 10369
Suppose -3*g + 17 = 8. Suppose g*a + 2*c = 494, 4*a - 5*a = -4*c - 174. Suppose 6*l - 458 = a. List the prime factors of l.
2, 13
Suppose 8 = -4*k + 4*v, 5 + 13 = 3*k + 3*v. Suppose -4*m - k*i = -1846, -1851 = -3*m - m - 3*i. List the prime factors of m.
3, 17
Let l be (0 - 9/3) + 106. Let m = l - 103. What are the prime factors of 478/(-2 + m + 4)?
239
Suppose 26*b = -q + 28*b + 12755, q - b = 12758. What are the prime factors of q?
7, 1823
Let z = 21 - -36. Let h = z - 52. Suppose h*i = -0*i + 110. What are the prime factors of i?
2, 11
Suppose 0 = 4*w + z - 19400, z = 2*w - 12249 + 2555. Suppose -3*r - 1419 = f - w, 2285 = 2*r - f. List the prime factors of r.
3, 127
Let g be -1 + 6/(-39) + 171/13. Suppose -10*s - 714 = -g*s. What are the prime factors of s?
3, 7, 17
Suppose 0 = -4184*g + 4246*g - 1028580. What are the prime factors of g?
2, 3, 5, 7, 79
Suppose -12*i + 8833 = 2*i - 13*i. What are the prime factors of i?
11, 73
Let f = 70 + -37. Suppose -2*k - 5*r - f = 0, -3*k = r + 16 + 1. List the prime factors of (5 - (-14)/k)*28/3.
2, 7
List the prime factors of (-1005508)/(-140) - (-3)/(-15).
2, 3, 7, 19
Let w = -38103 - -58525. List the prime factors of w.
2, 10211
Let g = 10815 + 2127. List the prime factors of g.
2, 3, 719
Let w = 193 + -189. Suppose -3*m - w + 7 = 0, -3*n + 2780 = -4*m. List the prime factors of n.
2, 29
Let p = -40 - -38. Let o be 34/68 - p/(-4)*-7. List the prime factors of (230/o + 1)*(-88)/